{"id":38,"date":"2025-11-27T09:44:25","date_gmt":"2025-11-27T09:44:25","guid":{"rendered":"https:\/\/www.dietestseite.online\/?page_id=38"},"modified":"2026-01-31T10:24:55","modified_gmt":"2026-01-31T10:24:55","slug":"kontakt-anfahrt","status":"publish","type":"page","link":"https:\/\/www.dietestseite.online\/?page_id=38","title":{"rendered":"Kontakt &amp; Anfahrt"},"content":{"rendered":"\t\t<div data-elementor-type=\"wp-page\" data-elementor-id=\"38\" class=\"elementor elementor-38\">\n\t\t\t\t<div class=\"elementor-element elementor-element-38ea4797 e-flex e-con-boxed e-con e-parent\" data-id=\"38ea4797\" data-element_type=\"container\">\n\t\t\t\t\t<div class=\"e-con-inner\">\n\t\t\t\t<div class=\"elementor-element elementor-element-58a228b3 elementor-widget elementor-widget-text-editor\" data-id=\"58a228b3\" data-element_type=\"widget\" data-widget_type=\"text-editor.default\">\n\t\t\t\t\t\t\t\t\t<p data-start=\"6227\" data-end=\"6362\"><strong data-start=\"6227\" data-end=\"6243\">Adressblock:<\/strong><br data-start=\"6243\" data-end=\"6246\" \/>Hausarztpraxis St. T\u00f6nis<br data-start=\"6270\" data-end=\"6273\" \/>dr. med. Matthias Horst<br data-start=\"6296\" data-end=\"6299\" \/>Facharzt f\u00fcr Innere Medizin<br data-start=\"6326\" data-end=\"6329\" \/>Ringstra\u00dfe 4<br data-start=\"6341\" data-end=\"6344\" \/>47918 T\u00f6nisvorst<\/p>\n<p data-start=\"6364\" data-end=\"6407\">\ud83d\udce7 <strong data-start=\"6367\" data-end=\"6405\"><a rel=\"noopener\" data-start=\"6369\" data-end=\"6403\">terminwunsch@hausarzt-st-toenis.de<\/a><\/strong><\/p>\n<p data-start=\"6364\" data-end=\"6407\"><strong data-start=\"6367\" data-end=\"6405\"><a rel=\"noopener\" data-start=\"6369\" data-end=\"6403\"><span style=\"color: #3a4f66; font-weight: 400;\">\ud83d\udce7 Telefon: 02151 \/ 153 30 80<\/span><\/a><\/strong><\/p>\n<p data-start=\"6364\" data-end=\"6407\"><strong data-start=\"6367\" data-end=\"6405\"><strong style=\"color: #3a4f66;\" data-start=\"6367\" data-end=\"6405\"><a style=\"transition: 0.12s cubic-bezier(0.455, 0.03, 0.515, 0.955); color: #1559ed;\" rel=\"noopener\" data-start=\"6369\" data-end=\"6403\"><span style=\"color: #3a4f66; font-weight: 400;\">\ud83d\udce7 Fax: 02151 \/ 153 00 67<\/span><\/a><\/strong><\/strong><\/p>\n<p data-start=\"6478\" data-end=\"6579\"><strong data-start=\"6478\" data-end=\"6505\">Anfahrt:<\/strong><br data-start=\"6505\" data-end=\"6508\" \/>Die Praxis liegt zentral in St. T\u00f6nis im \u00c4rztehaus an der Ringstra\u00dfe 4.<\/p>\n<ul data-start=\"6581\" data-end=\"6745\">\n<li data-start=\"6581\" data-end=\"6653\">\n<p data-start=\"6583\" data-end=\"6653\">Gute Erreichbarkeit mit dem Auto (Parkm\u00f6glichkeiten in der Umgebung)<\/p>\n<\/li>\n<li data-start=\"6654\" data-end=\"6693\">\n<p data-start=\"6656\" data-end=\"6693\">Bushaltestellen in fu\u00dfl\u00e4ufiger N\u00e4he<\/p>\n<\/li>\n<li data-start=\"6694\" data-end=\"6745\">\n<p data-start=\"6696\" data-end=\"6745\">Barrierefreier Zugang zur Praxis im Erdgeschoss<\/p>\n<\/li>\n<\/ul>\n<p data-start=\"6747\" data-end=\"6955\"><strong data-start=\"6747\" data-end=\"6760\">Notf\u00e4lle:<\/strong><br data-start=\"6760\" data-end=\"6763\" \/>Bei lebensbedrohlichen Notf\u00e4llen w\u00e4hlen Sie bitte sofort die <strong data-start=\"6824\" data-end=\"6831\">112<\/strong>.<br data-start=\"6832\" data-end=\"6835\" \/>Au\u00dferhalb unserer Sprechzeiten erreichen Sie den \u00e4rztlichen Bereitschaftsdienst bundesweit unter der Nummer <strong data-start=\"6943\" data-end=\"6954\">116 117<\/strong>.<\/p>\n<p><!-- \/wp:html --><\/p>\t\t\t\t\t\t\t\t<\/div>\n\t\t\t\t\t<\/div>\n\t\t\t\t<\/div>\n\t\t\t\t<\/div>\n\t\t","protected":false},"excerpt":{"rendered":"<p>Adressblock:Hausarztpraxis St. T\u00f6nisdr. med. Matthias HorstFacharzt f\u00fcr Innere MedizinRingstra\u00dfe 447918 T\u00f6nisvorst \ud83d\udce7 terminwunsch@hausarzt-st-toenis.de \ud83d\udce7 Telefon: 02151 \/ 153 30 80 \ud83d\udce7 Fax: 02151 \/ 153 00 67 Anfahrt:Die Praxis liegt zentral in St. T\u00f6nis im \u00c4rztehaus an der Ringstra\u00dfe 4. Gute Erreichbarkeit mit dem Auto (Parkm\u00f6glichkeiten in der Umgebung) Bushaltestellen in fu\u00dfl\u00e4ufiger N\u00e4he Barrierefreier Zugang [&hellip;]<\/p>\n","protected":false},"author":1,"featured_media":0,"parent":0,"menu_order":0,"comment_status":"closed","ping_status":"closed","template":"","meta":{"footnotes":""},"class_list":["post-38","page","type-page","status-publish","hentry"],"blocksy_meta":[],"yoast_head":"<!-- This site is optimized with the Yoast SEO plugin v26.6 - https:\/\/yoast.com\/wordpress\/plugins\/seo\/ -->\n<title>Kontakt &amp; Anfahrt - dr. med. Matthias Horst \u2013 Facharzt f\u00fcr Innere Medizin<\/title>\n<meta name=\"robots\" content=\"noindex, follow, max-snippet:-1, max-image-preview:large, max-video-preview:-1\" \/>\n<meta property=\"og:locale\" content=\"de_DE\" \/>\n<meta property=\"og:type\" content=\"article\" \/>\n<meta property=\"og:title\" content=\"Kontakt &amp; Anfahrt - dr. med. Matthias Horst \u2013 Facharzt f\u00fcr Innere Medizin\" \/>\n<meta property=\"og:description\" content=\"Adressblock:Hausarztpraxis St. T\u00f6nisdr. med. Matthias HorstFacharzt f\u00fcr Innere MedizinRingstra\u00dfe 447918 T\u00f6nisvorst \ud83d\udce7 terminwunsch@hausarzt-st-toenis.de \ud83d\udce7 Telefon: 02151 \/ 153 30 80 \ud83d\udce7 Fax: 02151 \/ 153 00 67 Anfahrt:Die Praxis liegt zentral in St. T\u00f6nis im \u00c4rztehaus an der Ringstra\u00dfe 4. Gute Erreichbarkeit mit dem Auto (Parkm\u00f6glichkeiten in der Umgebung) Bushaltestellen in fu\u00dfl\u00e4ufiger N\u00e4he Barrierefreier Zugang [&hellip;]\" \/>\n<meta property=\"og:url\" content=\"https:\/\/www.dietestseite.online\/?page_id=38\" \/>\n<meta property=\"og:site_name\" content=\"dr. med. Matthias Horst \u2013 Facharzt f\u00fcr Innere Medizin\" \/>\n<meta property=\"article:modified_time\" content=\"2026-01-31T10:24:55+00:00\" \/>\n<meta name=\"twitter:card\" content=\"summary_large_image\" \/>\n<meta name=\"twitter:label1\" content=\"Gesch\u00e4tzte Lesezeit\" \/>\n\t<meta name=\"twitter:data1\" content=\"1\u00a0Minute\" \/>\n<script type=\"application\/ld+json\" class=\"yoast-schema-graph\">{\"@context\":\"https:\/\/schema.org\",\"@graph\":[{\"@type\":\"WebPage\",\"@id\":\"https:\/\/www.dietestseite.online\/?page_id=38\",\"url\":\"https:\/\/www.dietestseite.online\/?page_id=38\",\"name\":\"Kontakt &amp; Anfahrt - dr. med. Matthias Horst \u2013 Facharzt f\u00fcr Innere Medizin\",\"isPartOf\":{\"@id\":\"https:\/\/www.dietestseite.online\/#website\"},\"datePublished\":\"2025-11-27T09:44:25+00:00\",\"dateModified\":\"2026-01-31T10:24:55+00:00\",\"breadcrumb\":{\"@id\":\"https:\/\/www.dietestseite.online\/?page_id=38#breadcrumb\"},\"inLanguage\":\"de\",\"potentialAction\":[{\"@type\":\"ReadAction\",\"target\":[\"https:\/\/www.dietestseite.online\/?page_id=38\"]}]},{\"@type\":\"BreadcrumbList\",\"@id\":\"https:\/\/www.dietestseite.online\/?page_id=38#breadcrumb\",\"itemListElement\":[{\"@type\":\"ListItem\",\"position\":1,\"name\":\"Startseite\",\"item\":\"https:\/\/www.dietestseite.online\/\"},{\"@type\":\"ListItem\",\"position\":2,\"name\":\"Kontakt &amp; Anfahrt\"}]},{\"@type\":\"WebSite\",\"@id\":\"https:\/\/www.dietestseite.online\/#website\",\"url\":\"https:\/\/www.dietestseite.online\/\",\"name\":\"dr. med. Matthias Horst \u2013 Facharzt f\u00fcr Innere Medizin\",\"description\":\"dr. med. Matthias Horst \u2013 Facharzt f\u00fcr Innere Medizin\",\"publisher\":{\"@id\":\"https:\/\/www.dietestseite.online\/#organization\"},\"potentialAction\":[{\"@type\":\"SearchAction\",\"target\":{\"@type\":\"EntryPoint\",\"urlTemplate\":\"https:\/\/www.dietestseite.online\/?s={search_term_string}\"},\"query-input\":{\"@type\":\"PropertyValueSpecification\",\"valueRequired\":true,\"valueName\":\"search_term_string\"}}],\"inLanguage\":\"de\"},{\"@type\":\"Organization\",\"@id\":\"https:\/\/www.dietestseite.online\/#organization\",\"name\":\"dr. med. Matthias Horst \u2013 Facharzt f\u00fcr Innere Medizin\",\"url\":\"https:\/\/www.dietestseite.online\/\",\"logo\":{\"@type\":\"ImageObject\",\"inLanguage\":\"de\",\"@id\":\"https:\/\/www.dietestseite.online\/#\/schema\/logo\/image\/\",\"url\":\"https:\/\/www.dietestseite.online\/wp-content\/uploads\/2025\/11\/logo1.png\",\"contentUrl\":\"https:\/\/www.dietestseite.online\/wp-content\/uploads\/2025\/11\/logo1.png\",\"width\":555,\"height\":133,\"caption\":\"dr. med. Matthias Horst \u2013 Facharzt f\u00fcr Innere Medizin\"},\"image\":{\"@id\":\"https:\/\/www.dietestseite.online\/#\/schema\/logo\/image\/\"}}]}<\/script>\n<!-- \/ Yoast SEO plugin. -->","yoast_head_json":{"title":"Kontakt &amp; Anfahrt - dr. med. Matthias Horst \u2013 Facharzt f\u00fcr Innere Medizin","robots":{"index":"noindex","follow":"follow","max-snippet":"max-snippet:-1","max-image-preview":"max-image-preview:large","max-video-preview":"max-video-preview:-1"},"og_locale":"de_DE","og_type":"article","og_title":"Kontakt &amp; Anfahrt - dr. med. Matthias Horst \u2013 Facharzt f\u00fcr Innere Medizin","og_description":"Adressblock:Hausarztpraxis St. T\u00f6nisdr. med. Matthias HorstFacharzt f\u00fcr Innere MedizinRingstra\u00dfe 447918 T\u00f6nisvorst \ud83d\udce7 terminwunsch@hausarzt-st-toenis.de \ud83d\udce7 Telefon: 02151 \/ 153 30 80 \ud83d\udce7 Fax: 02151 \/ 153 00 67 Anfahrt:Die Praxis liegt zentral in St. T\u00f6nis im \u00c4rztehaus an der Ringstra\u00dfe 4. Gute Erreichbarkeit mit dem Auto (Parkm\u00f6glichkeiten in der Umgebung) Bushaltestellen in fu\u00dfl\u00e4ufiger N\u00e4he Barrierefreier Zugang [&hellip;]","og_url":"https:\/\/www.dietestseite.online\/?page_id=38","og_site_name":"dr. med. Matthias Horst \u2013 Facharzt f\u00fcr Innere Medizin","article_modified_time":"2026-01-31T10:24:55+00:00","twitter_card":"summary_large_image","twitter_misc":{"Gesch\u00e4tzte Lesezeit":"1\u00a0Minute"},"schema":{"@context":"https:\/\/schema.org","@graph":[{"@type":"WebPage","@id":"https:\/\/www.dietestseite.online\/?page_id=38","url":"https:\/\/www.dietestseite.online\/?page_id=38","name":"Kontakt &amp; Anfahrt - dr. med. Matthias Horst \u2013 Facharzt f\u00fcr Innere Medizin","isPartOf":{"@id":"https:\/\/www.dietestseite.online\/#website"},"datePublished":"2025-11-27T09:44:25+00:00","dateModified":"2026-01-31T10:24:55+00:00","breadcrumb":{"@id":"https:\/\/www.dietestseite.online\/?page_id=38#breadcrumb"},"inLanguage":"de","potentialAction":[{"@type":"ReadAction","target":["https:\/\/www.dietestseite.online\/?page_id=38"]}]},{"@type":"BreadcrumbList","@id":"https:\/\/www.dietestseite.online\/?page_id=38#breadcrumb","itemListElement":[{"@type":"ListItem","position":1,"name":"Startseite","item":"https:\/\/www.dietestseite.online\/"},{"@type":"ListItem","position":2,"name":"Kontakt &amp; Anfahrt"}]},{"@type":"WebSite","@id":"https:\/\/www.dietestseite.online\/#website","url":"https:\/\/www.dietestseite.online\/","name":"dr. med. Matthias Horst \u2013 Facharzt f\u00fcr Innere Medizin","description":"dr. med. Matthias Horst \u2013 Facharzt f\u00fcr Innere Medizin","publisher":{"@id":"https:\/\/www.dietestseite.online\/#organization"},"potentialAction":[{"@type":"SearchAction","target":{"@type":"EntryPoint","urlTemplate":"https:\/\/www.dietestseite.online\/?s={search_term_string}"},"query-input":{"@type":"PropertyValueSpecification","valueRequired":true,"valueName":"search_term_string"}}],"inLanguage":"de"},{"@type":"Organization","@id":"https:\/\/www.dietestseite.online\/#organization","name":"dr. med. Matthias Horst \u2013 Facharzt f\u00fcr Innere Medizin","url":"https:\/\/www.dietestseite.online\/","logo":{"@type":"ImageObject","inLanguage":"de","@id":"https:\/\/www.dietestseite.online\/#\/schema\/logo\/image\/","url":"https:\/\/www.dietestseite.online\/wp-content\/uploads\/2025\/11\/logo1.png","contentUrl":"https:\/\/www.dietestseite.online\/wp-content\/uploads\/2025\/11\/logo1.png","width":555,"height":133,"caption":"dr. med. Matthias Horst \u2013 Facharzt f\u00fcr Innere Medizin"},"image":{"@id":"https:\/\/www.dietestseite.online\/#\/schema\/logo\/image\/"}}]}},"_links":{"self":[{"href":"https:\/\/www.dietestseite.online\/index.php?rest_route=\/wp\/v2\/pages\/38","targetHints":{"allow":["GET"]}}],"collection":[{"href":"https:\/\/www.dietestseite.online\/index.php?rest_route=\/wp\/v2\/pages"}],"about":[{"href":"https:\/\/www.dietestseite.online\/index.php?rest_route=\/wp\/v2\/types\/page"}],"author":[{"embeddable":true,"href":"https:\/\/www.dietestseite.online\/index.php?rest_route=\/wp\/v2\/users\/1"}],"replies":[{"embeddable":true,"href":"https:\/\/www.dietestseite.online\/index.php?rest_route=%2Fwp%2Fv2%2Fcomments&post=38"}],"version-history":[{"count":4,"href":"https:\/\/www.dietestseite.online\/index.php?rest_route=\/wp\/v2\/pages\/38\/revisions"}],"predecessor-version":[{"id":62,"href":"https:\/\/www.dietestseite.online\/index.php?rest_route=\/wp\/v2\/pages\/38\/revisions\/62"}],"wp:attachment":[{"href":"https:\/\/www.dietestseite.online\/index.php?rest_route=%2Fwp%2Fv2%2Fmedia&parent=38"}],"curies":[{"name":"wp","href":"https:\/\/api.w.org\/{rel}","templated":true}]}}